{"id":331,"date":"2013-03-10T23:29:58","date_gmt":"2013-03-10T21:29:58","guid":{"rendered":"http:\/\/www.eskofracht.com\/?page_id=331"},"modified":"2013-03-11T00:39:25","modified_gmt":"2013-03-10T22:39:25","slug":"kontakt-dla-przewoznikow","status":"publish","type":"page","link":"https:\/\/www.eskofracht.com\/pl\/kontakty\/kontakt-dla-przewoznikow\/","title":{"rendered":"Kontakt dla Przewo\u017anik\u00f3w"},"content":{"rendered":"<p>Przewo\u017anik\u00f3w, kt\u00f3rym s\u0105 bliskie nasze <a title=\"Zapoznajcie si\u0119 z naszymi Zasadami partnerstwa\" href=\"http:\/\/www.eskofracht.com\/pl\/partnerzy\/zasady-partnerstwa\/\">Zasady partnerstwa<\/a>, zapraszamy do wsp\u00f3\u0142pracy w zakresie rozwi\u0105zywania zada\u0144 logistycznych naszych klient\u00f3w. Skontaktujcie si\u0119 wykorzystuj\u0105c nast\u0119puj\u0105ce dane kontaktowe lub wype\u0142nijcie <a title=\"Skontaktujcie si\u0119 z nami poprzez wype\u0142nienie danego formularza\" href=\"http:\/\/www.eskofracht.com\/pl\/kontakty\/piszcie-do-nas\/\">nietrudny formularz<\/a>.<\/p>\n<table width=\"600\" border=\"0\" cellspacing=\"0\" cellpadding=\"0\">\n<colgroup>\n<col span=\"2\" width=\"&quot;300\" \/> <\/colgroup>\n<tbody>\n<tr>\n<td width=\"300\" height=\"17\"><span style=\"color: #c0c0c0;\">\u00a0<\/span><\/p>\n<p><span style=\"color: #c0c0c0;\">Kraje Ba\u0142tyckie \/ Polska &lt;-&gt; Europa Zachodnia<\/span><\/p>\n<p>Tel. +370 5 2796444, tel. kom. +370 696 02343<\/p>\n<p>E-mail <a title=\"Skontaktujcie si\u0119 z Oddzia\u0142em Europy Zachodniej\" href=\"mailto:weurope@eskofracht.com?subject=Request for Western European Department\" target=\"_blank\">WEurope@eskofracht.com <\/a><\/td>\n<td width=\"300\"><span style=\"color: #c0c0c0;\">\u00a0<\/span><\/p>\n<p><span style=\"color: #c0c0c0;\">Kraje Ba\u0142tyckie &lt;-&gt; Europa \u015arodkowa<\/span><\/p>\n<p>Tel. +370 5 2796444, tel. kom. +370 698 14565<\/p>\n<p>E-mail\u00a0<a title=\"Skontaktujcie si\u0119 z Oddzia\u0142em Europy \u015arodkowej\" href=\"mailto:ceurope@eskofracht.com?subject=Request for Central European Department\" target=\"_blank\">CEurope@eskofracht.com <\/a><\/td>\n<\/tr>\n<tr>\n<td height=\"17\"><span style=\"color: #c0c0c0;\">\u00a0<\/span><\/p>\n<p><span style=\"color: #c0c0c0;\">Kraje ba\u0142tyckie \/ Polska &lt;-&gt; Europa Po\u0142udniowa<\/span><\/p>\n<p>Tel. +370 5 2796447, tel. kom. +370 663 79723<\/p>\n<p>E-mail\u00a0<a title=\"Skontaktujcie si\u0119 z Oddzia\u0142em Europy Wschodniej\" href=\"mailto:seurope@eskofracht.com?subject=Request for South European Department\" target=\"_blank\">SEurope@eskofracht.com <\/a><\/td>\n<td><span style=\"color: #c0c0c0;\">\u00a0<\/span><\/p>\n<p><span style=\"color: #c0c0c0;\">Kraje Ba\u0142tyckie \/ Polska &lt;-&gt; Kraje WNP<\/span><\/p>\n<p>Tel. +370 5 2796447, tel. kom. +370 698 14535<\/p>\n<p>E-mail\u00a0<a title=\"Skontaktujcie si\u0119 z Oddzia\u0142em Kraj\u00f3w WNP\" href=\"mailto:cis@eskofracht.com?subject=Request for CIS Department\" target=\"_blank\">CIS@eskofracht.com <\/a><\/td>\n<\/tr>\n<\/tbody>\n<\/table>\n","protected":false},"excerpt":{"rendered":"<p>Przewo\u017anik\u00f3w, kt\u00f3rym s\u0105 bliskie nasze Zasady partnerstwa, zapraszamy do wsp\u00f3\u0142pracy w zakresie rozwi\u0105zywania zada\u0144 logistycznych naszych klient\u00f3w. Skontaktujcie si\u0119 wykorzystuj\u0105c nast\u0119puj\u0105ce dane kontaktowe lub wype\u0142nijcie nietrudny formularz. \u00a0 Kraje Ba\u0142tyckie [&hellip;]<\/p>\n","protected":false},"author":3,"featured_media":0,"parent":328,"menu_order":20,"comment_status":"closed","ping_status":"closed","template":"puslapis-forma.php","meta":{"footnotes":""},"class_list":["post-331","page","type-page","status-publish","hentry"],"_links":{"self":[{"href":"https:\/\/www.eskofracht.com\/pl\/wp-json\/wp\/v2\/pages\/331","targetHints":{"allow":["GET"]}}],"collection":[{"href":"https:\/\/www.eskofracht.com\/pl\/wp-json\/wp\/v2\/pages"}],"about":[{"href":"https:\/\/www.eskofracht.com\/pl\/wp-json\/wp\/v2\/types\/page"}],"author":[{"embeddable":true,"href":"https:\/\/www.eskofracht.com\/pl\/wp-json\/wp\/v2\/users\/3"}],"replies":[{"embeddable":true,"href":"https:\/\/www.eskofracht.com\/pl\/wp-json\/wp\/v2\/comments?post=331"}],"version-history":[{"count":1,"href":"https:\/\/www.eskofracht.com\/pl\/wp-json\/wp\/v2\/pages\/331\/revisions"}],"predecessor-version":[{"id":332,"href":"https:\/\/www.eskofracht.com\/pl\/wp-json\/wp\/v2\/pages\/331\/revisions\/332"}],"up":[{"embeddable":true,"href":"https:\/\/www.eskofracht.com\/pl\/wp-json\/wp\/v2\/pages\/328"}],"wp:attachment":[{"href":"https:\/\/www.eskofracht.com\/pl\/wp-json\/wp\/v2\/media?parent=331"}],"curies":[{"name":"wp","href":"https:\/\/api.w.org\/{rel}","templated":true}]}}

Kontakt dla Przewoźników

<p>Przewoźników, którym są bliskie nasze <a title="Zapoznajcie się z naszymi Zasadami partnerstwa" href="http://www.eskofracht.com/pl/partnerzy/zasady-partnerstwa/">Zasady partnerstwa</a>, zapraszamy do współpracy w zakresie rozwiązywania zadań logistycznych naszych klientów. Skontaktujcie się wykorzystując następujące dane kontaktowe lub wypełnijcie <a title="Skontaktujcie się z nami poprzez wypełnienie danego formularza" href="http://www.eskofracht.com/pl/kontakty/piszcie-do-nas/">nietrudny formularz</a>.</p>
<table width="600" border="0" cellspacing="0" cellpadding="0">
<colgroup>
<col span="2" width="&quot;300" /> </colgroup>
<tbody>
<tr>
<td width="300" height="17"><span style="color: #c0c0c0;"> </span></p>
<p><span style="color: #c0c0c0;">Kraje Bałtyckie / Polska &lt;-&gt; Europa Zachodnia</span></p>
<p>Tel. +370 5 2796444, tel. kom. +370 696 02343</p>
<p>E-mail <a title="Skontaktujcie się z Oddziałem Europy Zachodniej" href="mailto:weurope@eskofracht.com?subject=Request for Western European Department" target="_blank">WEurope@eskofracht.com </a></td>
<td width="300"><span style="color: #c0c0c0;"> </span></p>
<p><span style="color: #c0c0c0;">Kraje Bałtyckie &lt;-&gt; Europa Środkowa</span></p>
<p>Tel. +370 5 2796444, tel. kom. +370 698 14565</p>
<p>E-mail <a title="Skontaktujcie się z Oddziałem Europy Środkowej" href="mailto:ceurope@eskofracht.com?subject=Request for Central European Department" target="_blank">CEurope@eskofracht.com </a></td>
</tr>
<tr>
<td height="17"><span style="color: #c0c0c0;"> </span></p>
<p><span style="color: #c0c0c0;">Kraje bałtyckie / Polska &lt;-&gt; Europa Południowa</span></p>
<p>Tel. +370 5 2796447, tel. kom. +370 663 79723</p>
<p>E-mail <a title="Skontaktujcie się z Oddziałem Europy Wschodniej" href="mailto:seurope@eskofracht.com?subject=Request for South European Department" target="_blank">SEurope@eskofracht.com </a></td>
<td><span style="color: #c0c0c0;"> </span></p>
<p><span style="color: #c0c0c0;">Kraje Bałtyckie / Polska &lt;-&gt; Kraje WNP</span></p>
<p>Tel. +370 5 2796447, tel. kom. +370 698 14535</p>
<p>E-mail <a title="Skontaktujcie się z Oddziałem Krajów WNP" href="mailto:cis@eskofracht.com?subject=Request for CIS Department" target="_blank">CIS@eskofracht.com </a></td>
</tr>
</tbody>
</table>

<p>Przewoźników, którym są bliskie nasze Zasady partnerstwa, zapraszamy do współpracy w zakresie rozwiązywania zadań logistycznych naszych klientów. Skontaktujcie się wykorzystując następujące dane kontaktowe lub wypełnijcie nietrudny formularz.   Kraje Bałtyckie [&hellip;]</p>
